28?
True
Is 27 a factor of 1196?
False
Does 122 divide 3416?
True
Is 2332 a multiple of 22?
True
Does 5 divide 296?
False
Does 10 divide 100?
True
Is 152 a factor of 5029?
False
Is 17 a factor of 916?
False
Is 23 a factor of 5267?
True
Does 13 divide 65?
True
Is 77352 a multiple of 345?
False
Is 377 a multiple of 61?
False
Is 16 a factor of 59863?
False
Is 1294 a multiple of 7?
False
Is 41 a factor of 4428?
True
Does 20 divide 13240?
True
Does 275 divide 21175?
True
Is 43357 a multiple of 92?
False
Does 23 divide 8234?
True
Is 14 a factor of 14350?
True
Is 1123 a multiple of 6?
False
Is 88 a factor of 2397?
False
Does 25 divide 392?
False
Is 30 a factor of 1865?
False
Is 158 a multiple of 14?
False
Is 14 a factor of 4900?
True
Is 37584 a multiple of 11?
False
Does 15 divide 4492?
False
Does 14 divide 5031?
False
Does 14 divide 2632?
True
Does 26 divide 1950?
True
Is 3 a factor of 39?
True
Is 80 a multiple of 40?
True
Is 42 a factor of 31704?
False
Is 127 a factor of 3810?
True
Is 3755 a multiple of 61?
False
Is 94 a factor of 94376?
True
Is 6 a factor of 646?
False
Does 74 divide 755?
False
Is 95 a multiple of 2?
False
Does 309 divide 3399?
True
Does 21 divide 715?
False
Is 2973 a multiple of 6?
False
Is 892 a multiple of 41?
False
Is 31 a factor of 744?
True
Is 17 a factor of 7494?
False
Does 38 divide 2627?
False
Is 2 a factor of 1065?
False
Does 55 divide 1045?
True
Is 248 a multiple of 2?
True
Is 9822 a multiple of 8?
False
Is 10 a factor of 4885?
False
Does 29 divide 522?
True
Does 44 divide 42182?
False
Is 41432 a multiple of 10?
False
Is 848 a multiple of 18?
False
Does 44 divide 1452?
True
Is 20 a factor of 1140?
True
Does 17 divide 1915?
False
Is 84318 a multiple of 39?
True
Is 262 a factor of 262?
True
Is 31940 a multiple of 20?
True
Does 25 divide 77?
False
Does 36 divide 9108?
True
Is 188 a multiple of 13?
False
Is 3 a factor of 4512?
True
Does 32 divide 12288?
True
Does 302 divide 139826?
True
Does 3 divide 4931?
False
Is 2600 a multiple of 25?
True
Does 16 divide 4208?
True
Is 83 a factor of 249?
True
Is 4 a factor of 64?
True
Is 3 a factor of 62?
False
Is 19 a factor of 2299?
True
Is 52 a factor of 14872?
True
Is 81 a multiple of 27?
True
Is 9 a factor of 1368?
True
Does 12 divide 504?
True
Is 17 a factor of 9440?
False
Is 1161 a multiple of 19?
False
Is 20 a factor of 1200?
True
Is 32 a factor of 2132?
False
Does 62 divide 620?
True
Is 392 a factor of 5488?
True
Does 136 divide 37942?
False
Is 1420 a multiple of 12?
False
Does 11 divide 253?
True
Is 8228 a multiple of 11?
True
Is 23 a factor of 10700?
False
Does 92 divide 4232?
True
Is 2420 a multiple of 147?
False
Does 2 divide 2037?
False
Is 8 a factor of 5952?
True
Is 4 a factor of 171?
False
Is 9 a factor of 6138?
True
Does 27 divide 550?
False
Is 7 a factor of 2001?
False
Is 9 a factor of 396?
True
Is 2150 a multiple of 86?
True
Does 3 divide 11793?
True
Does 14 divide 53522?
True
Is 39038 a multiple of 12?
False
Is 76 a factor of 1596?
True
Does 36 divide 432?
True
Is 117 a factor of 585?
True
Is 9555 a multiple of 57?
False
Is 54 a factor of 11818?
False
Does 28 divide 868?
True
Is 1618 a multiple of 63?
False
Is 256 a multiple of 32?
True
Is 42 a factor of 4424?
False
Is 122 a factor of 8052?
True
Is 29 a factor of 1137?
False
Is 3062 a multiple of 62?
False
Is 12622 a multiple of 179?
False
Is 59871 a multiple of 16?
False
Is 6089 a multiple of 6?
False
Is 265 a multiple of 19?
False
Does 2 divide 4272?
True
Does 26 divide 1813?
False
Is 27 a factor of 412?
False
Is 132 a multiple of 4?
True
Is 19 a factor of 1900?
True
Is 39 a factor of 8403?
False
Is 5 a factor of 792?
False
Does 79 divide 3476?
True
Does 261 divide 34713?
True
Is 79 a factor of 3072?
False
Is 88 a factor of 528?
True
Does 97 divide 1897?
False
Is 3544 a multiple of 4?
True
Is 20 a factor of 7158?
False
Is 19 a factor of 8150?
False
Does 12 divide 961?
False
Is 123 a factor of 6765?
True
Does 89 divide 6853?
True
Is 1189 a multiple of 41?
True
Is 3499 a multiple of 24?
False
Does 13 divide 4297?
False
Is 4 a factor of 296?
True
Does 11 divide 1243?
True
Is 1455 a multiple of 15?
True
Is 14 a factor of 9257?
False
Is 16 a factor of 17328?
True
Is 12 a factor of 147?
False
Is 32 a factor of 1595?
False
Is 16 a factor of 693?
False
Does 60 divide 1269?
False
Does 17 divide 880?
False
Is 270 a factor of 60876?
False
Is 4063 a multiple of 13?
False
Is 15405 a multiple of 65?
True
Does 38 divide 862?
False
Is 48552 a multiple of 14?
True
Is 62514 a multiple of 151?
True
Does 6 divide 10?
False
Does 14 divide 4055?
False
Does 33 divide 3218?
False
Is 8 a factor of 212?
False
Does 49 divide 98?
True
Is 7514 a multiple of 26?
True
Is 5 even?
False
Does 24 divide 1328?
False
Is 186 a factor of 558?
True
Does 13 divide 7570?
False
Is 5625 a multiple of 125?
True
Is 14337 a multiple of 27?
True
Does 89 divide 1422?
False
Is 907 a multiple of 30?
False
Is 43248 a multiple of 159?
True
Is 10 a factor of 295?
False
Is 552 a multiple of 4?
True
Is 23 a factor of 314?
False
Does 8 divide 12066?
False
Is 55 a factor of 2860?
True
Is 9928 a multiple of 68?
True
Is 49 a factor of 392?
True
Is 1163 a multiple of 6?
False
Is 27 a factor of 5670?
True
Is 5106 a multiple of 111?
True
Is 676 a multiple of 10?
False
Does 30 divide 1127?
False
Is 11163 a multiple of 183?
True
Is 277 a factor of 52353?
True
Does 18 divide 1080?
True
Is 21980 a multiple of 41?
False
Is 27 a factor of 4400?
False
Is 84164 a multiple of 362?
False
Is 23920 a multiple of 16?
True
Is 6 a factor of 11962?
False
Does 13 divide 2041?
True
Is 1040 a multiple of 40?
True
Does 61 divide 12627?
True
Is 41 a factor of 1763?
True
Is 21 a factor of 16632?
True
Is 12 a factor of 276?
True
Is 11 a factor of 1012?
True
Is 3 a factor of 81?
True
Is 1300 a multiple of 52?
True
Does 111 divide 3552?
True
Does 33 divide 2541?
True
Is 16353 a multiple of 106?
False
Is 45 a factor of 36708?
False
Is 4142 a multiple of 5?
False
Is 36 a factor of 2875?
False
Is 2016 a multiple of 21?
True
Is 16 a factor of 736?
True
Is 1036 a multiple of 47?
False
Does 33 divide 39468?
True
Is 51 a multiple of 17?
True
Is 5 a factor of 4080?
True
Does 4 divide 78?
False
Is 11 a factor of 429?
True
Does 12 divide 624?
True
Does 74 divide 634?
False
Is 338 a multiple of 26?
True
Is 44 a factor of 57?
False
Is 3696 a multiple of 102?
False
Is 29 a factor of 2146?
True
Is 3766 a multiple of 14?
True
Is 713 a multiple of 31?
True
Does 14 divide 378?
True
Is 5091 a multiple of 15?
False
Is 13 a factor of 17620?
False
Is 15 a factor of 19170?
True
Does 8 divide 7294?
False
Does 17 divide 374?
True
Is 14 a factor of 1183?
False
Does 111 divide 1287?
False
Is 611 a multiple of 11?
False
Is 35 a factor of 490?
True
Is 128 a multiple of 34?
False
Is 12 a factor of 1920?
True
Is 6889 a multiple of 2?
False
Is 450 a multiple of 15?
True
Does 61 divide 663?
False
Does 3 divide 48?
True
Is 14735 a multiple of 35?
True
Does 52 divide 156?
True
Is 61 a factor of 2471?
False
Is 34 a factor of 7208?
True
Is 28680 a multiple of 131?
False
Is 15872 a multiple of 16?
True
Does 15 divide 6683?
False
Is 33 a factor of 17457?
True
Is 9 a factor of 828?
True
Is 790 a multiple of 12?
False
Does 20 divide 27043?
False
Is 73 a factor of 1264?
False
Is 9 a factor of 639?
True
Is 1054 a multiple of 62?
True
Does 20 divide 2110?
False
Is 41958 a multiple of 189?
True
Is 1600 a multiple of 50?
True
Does 8 divide 3736?
True
Is 82 a factor of 2460?
True
Is 620 a multiple of 5?
True
Is 12312 a multiple of 6?
True
Is 44 a multiple of 11?
True
Is 33 a factor of 4759?
False
Is 5382 a multiple of 18?
True
Is 204 a multiple of 68?
True
Does 13 divide 76?
False
Does 22 divide 11276?
False
Does 6 divide 1911?
False
Is 22 a factor of 45122?
True
Is 20 a factor of 80320?
True
Does 39 divide 18993?
True
Is 3 a factor of 118?
False
Does 139 divide 9730?
True
Does 18 divide 3830?
False
Does 9 divide 16363?
False
Is 1411 a multiple of 26?
False
Is 29 a factor of 975?
False
Is 58 a factor of 3263?
False
Does 3 divide 140?
False
Is 75 a factor of 1671?
False
Is 6610 a multiple of 33?
False
Is 11 a factor of 6073?
False
Does 48 divide 25392?
True
Is 120 a multiple of 24?
True
Is 2226 a multiple of 7?
True
Does 7 divide 16321?
False
